d l?
6
Let f(j) = -4*j + 4. Let p be f(-4). Calculate the greatest common factor of 40 and p.
20
Let b be 2/7 + (-4)/(112/(-188)). What is the highest common factor of b and 49?
7
Let r be 4 - (-92)/(-24) - 215/(-6). What is the greatest common factor of 90 and r?
18
Let q(d) = 4*d**2 + 4*d - 4. Let r be q(3). Calculate the greatest common factor of 44 and r.
44
Let k = 1 + 22. Calculate the greatest common divisor of 23 and k.
23
Let f be 2/(-5) - 868/(-20). Let i = f - 20. What is the highest common factor of 23 and i?
23
Let y be (-1 - -2)/(-2)*(-176 - -2). Calculate the greatest common divisor of 58 and y.
29
Suppose 0 = 5*r + 13 - 398. What is the greatest common factor of 7 and r?
7
Suppose -24 = 4*o + 12. Suppose 15 = 2*c + 3*c. Let z be (o/6)/(c/(-20)). What is the highest common divisor of 20 and z?
10
Let k be (-4800)/(-84) - (6/(-7) - -1). Calculate the highest common factor of 95 and k.
19
Suppose -k - 72 = -4*x + 99, -4*k = 4*x - 156. Calculate the greatest common factor of x and 14.
14
Let y = 220 - 12. Suppose 12 = -2*b + 64. Calculate the highest common divisor of b and y.
26
Suppose -5*z - 1242 = q + 2*q, 0 = -q - 4. Let y = -176 - z. What is the greatest common divisor of 10 and y?
10
Let i(d) = -d**3 + 4*d**2 + 5*d + 6. Let j be i(5). Let b be (-424)/(-14) - j/21. Calculate the greatest common factor of 30 and b.
30
Let j = -17 - -80. Let m(s) = -s**2 + 5*s - 3. Let b be m(4). Let x = b + 6. Calculate the highest common factor of x and j.
7
Let h be 4/(-16) + 162/8. Let u = -13 + h. Let l = u - 6. Calculate the greatest common divisor of 3 and l.
1
Let q(z) = -6 - 7*z + 0*z**2 - z**2 + 2. Let k = 13 - 16. Let m be q(k). What is the highest common factor of m and 72?
8
Let o be 8/(-4) + 4 + 258. What is the highest common divisor of 26 and o?
26
Suppose 2*a = 3*a - 14. Calculate the highest common divisor of 126 and a.
14
Let d = 14 - 10. Let h be -20 + 21 - 3*-1. Suppose h*s + 60 = 4*g, 0*g - s = -2*g + 25. What is the highest common factor of d and g?
2
Let o be -11 - 1 - (4 - 5). Let q = o + 17. What is the highest common divisor of 15 and q?
3
Suppose 91 = 4*s - 309. What is the highest common factor of 20 and s?
20
Suppose 2*q = -5*t + 10, 3*q + 3 = t + 1. Suppose 6*w - 5*l = 2*w + 6, -2*w + 14 = 3*l. Suppose w*g - 13 = 11. Calculate the highest common factor of t and g.
2
Let h(d) = 16*d + 7. Let n be h(6). Let p be n - (2 - -1)/3. Suppose -3*s = -s - p. What is the greatest common factor of s and 17?
17
Suppose 0 = -3*q - 5*v + 146, 2*q = -0*q + 4*v + 134. Suppose -q = -0*s - 3*s. What is the highest common divisor of s and 133?
19
Let y(s) = 3*s**2 - 12*s + 12. Let u be y(8). Let l be 1/(-3) + (-3)/(-9). Suppose -3*g + g + 24 = l. Calculate the greatest common factor of u and g.
12
Let j be (3 - (-3 + 4)) + 70. Calculate the greatest common divisor of j and 12.
12
Let g be (-340)/(-40) - 3/(-2). Calculate the greatest common factor of g and 100.
10
Suppose 4*i + 3*t = -0*i + 215, -5*i = 3*t - 271. Calculate the greatest common divisor of 7 and i.
7
Let a(j) = -j**2 + 11*j - 6. Suppose -5 - 31 = -4*r. Let q be a(r). Calculate the greatest common factor of q and 108.
12
Let h = -10 + 24. Calculate the highest common divisor of 21 and h.
7
Let r(a) = 4*a**2 + 12*a - 1. Let h be r(-7). What is the highest common factor of h and 37?
37
Suppose 3*a - 7 - 1 = -r, -2 = -3*a + 2*r. Suppose 4*l - 65 = -5*h, -a*l = -2*h - 2*h. Calculate the greatest common factor of l and 15.
5
Let m(r) = r**3 + 7*r**2 - 11*r - 3. Let c be m(-8). Let p = 70 + -63. What is the greatest common divisor of p and c?
7
Suppose -3*s = s - 64. Let t be 24/(-9)*-3*15. Suppose t = 2*x + x. Calculate the greatest common divisor of s and x.
8
Suppose -5*f = -8*f + 159. Calculate the highest common divisor of 159 and f.
53
Let p(a) = -a**2 - 8*a + 5. Let t be p(-7). Let n be (5/(-10))/((-2)/4). Suppose -4*l + 71 = -n. What is the greatest common divisor of t and l?
6
Let i(c) = -384*c + 3. Let l be i(-1). Calculate the highest common factor of l and 43.
43
Let v(r) = r**3 - 3*r**2 - 4*r + 3. Let l be v(4). Suppose -l*w + 72 = w. Let p be (15/(-5) - 0)/(3/(-9)). What is the highest common divisor of w and p?
9
Let n = 9 + -16. Let o = n - -8. What is the greatest common divisor of 5 and o?
1
Let r be ((-14)/(-5))/((-5)/50). Let v = r + 208. Suppose k + v = 4*k. What is the highest common divisor of 12 and k?
12
Suppose 5*o + 8 = 9*o. Suppose 4*c + 10 + o = 0, -4*r - c + 5 = 0. What is the highest common factor of 10 and r?
2
Suppose -3*a + 21 = v, -47 - 9 = -3*v - 2*a. Let i = 28 + -1. Calculate the greatest common factor of i and v.
9
Suppose 4*t = 9*t - 5. Calculate the greatest common divisor of 11 and t.
1
Let w = 2 - -22. What is the highest common factor of 18 and w?
6
Let j(t) = 6*t**3 - 2*t + 4. Let y be j(2). Suppose -2*w - 3*w = -80. Calculate the greatest common divisor of y and w.
16
Suppose -3*a - 114 = -5*a. Calculate the highest common divisor of 38 and a.
19
Suppose 4*t + t = -4*v - 20, v = 5*t - 5. Suppose t*u + 2*u + 2 = 0, 0 = -q - 2*u - 75. Let o = 130 + q. Calculate the highest common factor of 19 and o.
19
Suppose -2*q - 14 = -6, 2*s - 546 = -q. What is the greatest common factor of s and 25?
25
Let r(n) = 3 + 2*n**2 + 3*n**3 + n - 3 + 2*n. Let j be r(3). What is the highest common divisor of j and 12?
12
Let g = -1 - -3. Let j = 13 - 5. What is the greatest common divisor of g and j?
2
Let o = 161 + -106. What is the greatest common factor of 11 and o?
11
Let j be (36/(-8))/9*-14. Calculate the highest common divisor of j and 35.
7
Suppose -20 = -8*a + 4*a. Suppose 0 = 5*b + 10, -l + 11 = -a*b - 1. What is the greatest common divisor of 10 and l?
2
Suppose 0 = -2*y + 18 + 114. Calculate the greatest common factor of 33 and y.
33
Suppose 9 - 2 = w. Let k(t) = t + 1. Let x(a) = -15*a - 15. Let s(o) = 20*k(o) + x(o). Let u be s(w). What is the greatest common factor of 8 and u?
8
Let t = -39 - -44. Calculate the greatest common divisor of 35 and t.
5
Suppose -2 = 4*l + 2. Let p be l/2*-7*2. Let j(f) = f**2 + 2*f - 2. Let d be j(-3). Calculate the greatest common divisor of p and d.
1
Let r = 20 + -41. Let j = r - -41. What is the highest common factor of 50 and j?
10
Let c(a) = -23*a + 2. Let v be c(-2). Suppose 3*m = 7*m. Suppose -3*i + 0*i + 24 = m. What is the highest common divisor of v and i?
8
Let p = 15 - 10. Let i be 6*(-6)/(-36) + (10 - 1). What is the greatest common divisor of i and p?
5
Let o = -8 + 13. Let v(i) = -i**2 + 11*i + 17. Let b be v(9). What is the highest common divisor of b and o?
5
Let q = 161 - 142. What is the greatest common factor of 95 and q?
19
Suppose -5*d + s + 13 = -2*d, 2*d = -4*s + 32. Let l(o) = o**2 - 3*o - 22. Let h be l(-4). What is the greatest common divisor of d and h?
6
Let o = 170 + -94. Suppose -5*k + 130 = 35. Calculate the greatest common divisor of o and k.
19
Suppose 0 = c + 2*p - 337, -656 = -2*c + p + 4*p. Calculate the greatest common factor of c and 37.
37
Let l(y) = 3*y**2 - 3*y. Let c(k) = 2*k - 4. Let u be c(6). Let g = u - 5. Let h be l(g). Calculate the greatest common factor of h and 144.
18
Let y = -4 + 6. Suppose 0 = 2*v - 5*b + 4*b - 10, b + y = 0. Suppose -54 = -v*x + 6. Calculate the greatest common divisor of x and 10.
5
Let g = 63 - 33. Calculate the greatest common divisor of 75 and g.
15
Let t(u) = -26*u**3 + u**2 + 2*u + 1. Let q = 2 + -3. Let s be t(q). Let c = 61 - s. Calculate the highest common divisor of c and 7.
7
Let n(t) = -57*t - 1. Suppose -3*o + 29 = -3*h - h, 0 = -5*o - 3*h. Let i be (-1 + o)*(-1)/2. Let w be n(i). What is the greatest common divisor of w and 7?
7
Let a = 7 - 5. Suppose a*m - 4 = 0, 414 = 5*z - 0*m - 3*m. Calculate the highest common divisor of 12 and z.
12
Let w be (-6)/27 - (-238)/18. Let g = w + -8. What is the greatest common divisor of 45 and g?
5
Let d = 204 - 134. Suppose 0 = -2*l + d + 38. What is the greatest common factor of 135 and l?
27
Let w = -221 + 311. Suppose -14 = -4*g + 2*g. Let b(m) = m**3 - 7*m**2 + m + 3. Let z be b(g). Calculate the highest common divisor of z and w.
10
Let c(f) = f**2 - f - 6. Let z be c(-5). Calculate the greatest common divisor of z and 192.
24
Let v = -539 - -800. Calculate the greatest common